{"id":531,"date":"2025-03-22T02:04:44","date_gmt":"2025-03-21T23:04:44","guid":{"rendered":"https:\/\/salon-ela.orhandavidov.com\/?page_id=531"},"modified":"2025-03-23T13:40:30","modified_gmt":"2025-03-23T10:40:30","slug":"terms-of-use","status":"publish","type":"page","link":"https:\/\/salon-ela.de\/en\/terms-of-use\/","title":{"rendered":"Terms of Use"},"content":{"rendered":"<p><strong>Terms of Use<\/strong><\/p>\n\n\n\n<p>Welcome to our hair salon website. By using this website, you agree to the following terms of use. Please read them carefully.<\/p>\n\n\n\n<ol class=\"wp-block-list\">\n<li><strong>General Provisions<\/strong><\/li>\n<\/ol>\n\n\n\n<p>This website is intended to provide information about our services, prices, and offers. All content is non-binding and subject to change or update at any time.<\/p>\n\n\n\n<ol start=\"2\" class=\"wp-block-list\">\n<li><strong>Make an appointment<\/strong><\/li>\n<\/ol>\n\n\n\n<p>Online appointment bookings are possible, but are only binding after written or telephone confirmation. We reserve the right to charge a cancellation fee for no-shows or last-minute cancellations.<\/p>\n\n\n\n<ol start=\"3\" class=\"wp-block-list\">\n<li><strong>Prices and payment terms<\/strong><\/li>\n<\/ol>\n\n\n\n<p>All prices listed on the website include VAT. Prices are subject to change. Payment is made directly at the salon and can be made in cash or by other payment methods.<\/p>\n\n\n\n<ol start=\"4\" class=\"wp-block-list\">\n<li><strong>Disclaimer<\/strong><\/li>\n<\/ol>\n\n\n\n<p>We assume no liability for any damages resulting from the use of this website or the use of our services. Likewise, we are not liable for the content of external links.<\/p>\n\n\n\n<ol start=\"5\" class=\"wp-block-list\">\n<li><strong>Data protection<\/strong><\/li>\n<\/ol>\n\n\n\n<p>We treat your personal data confidentially and in accordance with statutory data protection regulations. For further information, please refer to our privacy policy.<\/p>\n\n\n\n<ol start=\"6\" class=\"wp-block-list\">\n<li><strong>Final provisions<\/strong><\/li>\n<\/ol>\n\n\n\n<p>Should individual provisions of these Terms of Use be or become invalid, the validity of the remaining provisions shall remain unaffected. The laws of the Federal Republic of Germany shall apply.<\/p>\n\n\n\n<p>If you have any questions or comments, please feel free to contact us.<\/p>\n\n\n\n<p>Thank you for your trust!<\/p>","protected":false},"excerpt":{"rendered":"<p>Nutzungsbedingungen Willkommen auf der Website unseres Friseursalons. Durch die Nutzung dieser Website erkl\u00e4ren Sie sich mit den folgenden Nutzungsbedingungen einverstanden. Bitte lesen Sie diese sorgf\u00e4ltig durch. Diese Website dient der Bereitstellung von Informationen \u00fcber unsere Dienstleistungen, Preise und Angebote. Alle Inhalte sind unverbindlich und k\u00f6nnen jederzeit ge\u00e4ndert oder aktualisiert werden. Online-Terminbuchungen sind m\u00f6glich, jedoch erst [&hellip;]<\/p>","protected":false},"author":1,"featured_media":0,"parent":0,"menu_order":0,"comment_status":"closed","ping_status":"closed","template":"templates\/terms-of-use.php","meta":{"footnotes":""},"class_list":["post-531","page","type-page","status-publish","hentry"],"acf":[],"yoast_head":"<!-- This site is optimized with the Yoast SEO plugin v26.4 - https:\/\/yoast.com\/wordpress\/plugins\/seo\/ -->\n<title>Nutzungsbedingungen &#8211; Friseur Ela<\/title>\n<meta name=\"robots\" content=\"index, follow, max-snippet:-1, max-image-preview:large, max-video-preview:-1\" \/>\n<link rel=\"canonical\" href=\"https:\/\/salon-ela.de\/en\/terms-of-use\/\" \/>\n<meta property=\"og:locale\" content=\"en_GB\" \/>\n<meta property=\"og:type\" content=\"article\" \/>\n<meta property=\"og:title\" content=\"Nutzungsbedingungen &#8211; Friseur Ela\" \/>\n<meta property=\"og:description\" content=\"Nutzungsbedingungen Willkommen auf der Website unseres Friseursalons. Durch die Nutzung dieser Website erkl\u00e4ren Sie sich mit den folgenden Nutzungsbedingungen einverstanden. Bitte lesen Sie diese sorgf\u00e4ltig durch. Diese Website dient der Bereitstellung von Informationen \u00fcber unsere Dienstleistungen, Preise und Angebote. Alle Inhalte sind unverbindlich und k\u00f6nnen jederzeit ge\u00e4ndert oder aktualisiert werden. Online-Terminbuchungen sind m\u00f6glich, jedoch erst [&hellip;]\" \/>\n<meta property=\"og:url\" content=\"https:\/\/salon-ela.de\/en\/terms-of-use\/\" \/>\n<meta property=\"og:site_name\" content=\"Friseur Ela\" \/>\n<meta property=\"article:publisher\" content=\"https:\/\/www.facebook.com\/profile.php?id=100066531817981\" \/>\n<meta property=\"article:modified_time\" content=\"2025-03-23T10:40:30+00:00\" \/>\n<meta name=\"twitter:card\" content=\"summary_large_image\" \/>\n<meta name=\"twitter:site\" content=\"@friseursalonela\" \/>\n<meta name=\"twitter:label1\" content=\"Estimated reading time\" \/>\n\t<meta name=\"twitter:data1\" content=\"1 minute\" \/>\n<script type=\"application\/ld+json\" class=\"yoast-schema-graph\">{\"@context\":\"https:\/\/schema.org\",\"@graph\":[{\"@type\":\"WebPage\",\"@id\":\"https:\/\/salon-ela.de\/terms-of-use\/\",\"url\":\"https:\/\/salon-ela.de\/terms-of-use\/\",\"name\":\"Nutzungsbedingungen &#8211; Friseur Ela\",\"isPartOf\":{\"@id\":\"https:\/\/salon-ela.de\/uk\/#website\"},\"datePublished\":\"2025-03-21T23:04:44+00:00\",\"dateModified\":\"2025-03-23T10:40:30+00:00\",\"breadcrumb\":{\"@id\":\"https:\/\/salon-ela.de\/terms-of-use\/#breadcrumb\"},\"inLanguage\":\"en-GB\",\"potentialAction\":[{\"@type\":\"ReadAction\",\"target\":[\"https:\/\/salon-ela.de\/terms-of-use\/\"]}]},{\"@type\":\"BreadcrumbList\",\"@id\":\"https:\/\/salon-ela.de\/terms-of-use\/#breadcrumb\",\"itemListElement\":[{\"@type\":\"ListItem\",\"position\":1,\"name\":\"Home\",\"item\":\"https:\/\/salon-ela.de\/uk\/\"},{\"@type\":\"ListItem\",\"position\":2,\"name\":\"Nutzungsbedingungen\"}]},{\"@type\":\"WebSite\",\"@id\":\"https:\/\/salon-ela.de\/uk\/#website\",\"url\":\"https:\/\/salon-ela.de\/uk\/\",\"name\":\"Friseursalon Ela\",\"description\":\"Friseursalon Ela in Dortmund\",\"publisher\":{\"@id\":\"https:\/\/salon-ela.de\/uk\/#organization\"},\"potentialAction\":[{\"@type\":\"SearchAction\",\"target\":{\"@type\":\"EntryPoint\",\"urlTemplate\":\"https:\/\/salon-ela.de\/uk\/?s={search_term_string}\"},\"query-input\":{\"@type\":\"PropertyValueSpecification\",\"valueRequired\":true,\"valueName\":\"search_term_string\"}}],\"inLanguage\":\"en-GB\"},{\"@type\":\"Organization\",\"@id\":\"https:\/\/salon-ela.de\/uk\/#organization\",\"name\":\"Friseursalon Ela\",\"url\":\"https:\/\/salon-ela.de\/uk\/\",\"logo\":{\"@type\":\"ImageObject\",\"inLanguage\":\"en-GB\",\"@id\":\"https:\/\/salon-ela.de\/uk\/#\/schema\/logo\/image\/\",\"url\":\"https:\/\/salon-ela.de\/wp-content\/uploads\/2025\/02\/logoela.png\",\"contentUrl\":\"https:\/\/salon-ela.de\/wp-content\/uploads\/2025\/02\/logoela.png\",\"width\":60,\"height\":96,\"caption\":\"Friseursalon Ela\"},\"image\":{\"@id\":\"https:\/\/salon-ela.de\/uk\/#\/schema\/logo\/image\/\"},\"sameAs\":[\"https:\/\/www.facebook.com\/profile.php?id=100066531817981\",\"https:\/\/x.com\/friseursalonela\"]}]}<\/script>\n<!-- \/ Yoast SEO plugin. -->","yoast_head_json":{"title":"Nutzungsbedingungen &#8211; Friseur Ela","robots":{"index":"index","follow":"follow","max-snippet":"max-snippet:-1","max-image-preview":"max-image-preview:large","max-video-preview":"max-video-preview:-1"},"canonical":"https:\/\/salon-ela.de\/en\/terms-of-use\/","og_locale":"en_GB","og_type":"article","og_title":"Nutzungsbedingungen &#8211; Friseur Ela","og_description":"Nutzungsbedingungen Willkommen auf der Website unseres Friseursalons. Durch die Nutzung dieser Website erkl\u00e4ren Sie sich mit den folgenden Nutzungsbedingungen einverstanden. Bitte lesen Sie diese sorgf\u00e4ltig durch. Diese Website dient der Bereitstellung von Informationen \u00fcber unsere Dienstleistungen, Preise und Angebote. Alle Inhalte sind unverbindlich und k\u00f6nnen jederzeit ge\u00e4ndert oder aktualisiert werden. Online-Terminbuchungen sind m\u00f6glich, jedoch erst [&hellip;]","og_url":"https:\/\/salon-ela.de\/en\/terms-of-use\/","og_site_name":"Friseur Ela","article_publisher":"https:\/\/www.facebook.com\/profile.php?id=100066531817981","article_modified_time":"2025-03-23T10:40:30+00:00","twitter_card":"summary_large_image","twitter_site":"@friseursalonela","twitter_misc":{"Estimated reading time":"1 minute"},"schema":{"@context":"https:\/\/schema.org","@graph":[{"@type":"WebPage","@id":"https:\/\/salon-ela.de\/terms-of-use\/","url":"https:\/\/salon-ela.de\/terms-of-use\/","name":"Nutzungsbedingungen &#8211; Friseur Ela","isPartOf":{"@id":"https:\/\/salon-ela.de\/uk\/#website"},"datePublished":"2025-03-21T23:04:44+00:00","dateModified":"2025-03-23T10:40:30+00:00","breadcrumb":{"@id":"https:\/\/salon-ela.de\/terms-of-use\/#breadcrumb"},"inLanguage":"en-GB","potentialAction":[{"@type":"ReadAction","target":["https:\/\/salon-ela.de\/terms-of-use\/"]}]},{"@type":"BreadcrumbList","@id":"https:\/\/salon-ela.de\/terms-of-use\/#breadcrumb","itemListElement":[{"@type":"ListItem","position":1,"name":"Home","item":"https:\/\/salon-ela.de\/uk\/"},{"@type":"ListItem","position":2,"name":"Nutzungsbedingungen"}]},{"@type":"WebSite","@id":"https:\/\/salon-ela.de\/uk\/#website","url":"https:\/\/salon-ela.de\/uk\/","name":"Friseursalon Ela","description":"Friseursalon Ela in Dortmund","publisher":{"@id":"https:\/\/salon-ela.de\/uk\/#organization"},"potentialAction":[{"@type":"SearchAction","target":{"@type":"EntryPoint","urlTemplate":"https:\/\/salon-ela.de\/uk\/?s={search_term_string}"},"query-input":{"@type":"PropertyValueSpecification","valueRequired":true,"valueName":"search_term_string"}}],"inLanguage":"en-GB"},{"@type":"Organization","@id":"https:\/\/salon-ela.de\/uk\/#organization","name":"Friseursalon Ela","url":"https:\/\/salon-ela.de\/uk\/","logo":{"@type":"ImageObject","inLanguage":"en-GB","@id":"https:\/\/salon-ela.de\/uk\/#\/schema\/logo\/image\/","url":"https:\/\/salon-ela.de\/wp-content\/uploads\/2025\/02\/logoela.png","contentUrl":"https:\/\/salon-ela.de\/wp-content\/uploads\/2025\/02\/logoela.png","width":60,"height":96,"caption":"Friseursalon Ela"},"image":{"@id":"https:\/\/salon-ela.de\/uk\/#\/schema\/logo\/image\/"},"sameAs":["https:\/\/www.facebook.com\/profile.php?id=100066531817981","https:\/\/x.com\/friseursalonela"]}]}},"_links":{"self":[{"href":"https:\/\/salon-ela.de\/en\/wp-json\/wp\/v2\/pages\/531","targetHints":{"allow":["GET"]}}],"collection":[{"href":"https:\/\/salon-ela.de\/en\/wp-json\/wp\/v2\/pages"}],"about":[{"href":"https:\/\/salon-ela.de\/en\/wp-json\/wp\/v2\/types\/page"}],"author":[{"embeddable":true,"href":"https:\/\/salon-ela.de\/en\/wp-json\/wp\/v2\/users\/1"}],"replies":[{"embeddable":true,"href":"https:\/\/salon-ela.de\/en\/wp-json\/wp\/v2\/comments?post=531"}],"version-history":[{"count":0,"href":"https:\/\/salon-ela.de\/en\/wp-json\/wp\/v2\/pages\/531\/revisions"}],"wp:attachment":[{"href":"https:\/\/salon-ela.de\/en\/wp-json\/wp\/v2\/media?parent=531"}],"curies":[{"name":"wp","href":"https:\/\/api.w.org\/{rel}","templated":true}]}}

<p>Nutzungsbedingungen Willkommen auf der Website unseres Friseursalons. Durch die Nutzung dieser Website erklären Sie sich mit den folgenden Nutzungsbedingungen einverstanden. Bitte lesen Sie diese sorgfältig durch. Diese Website dient der Bereitstellung von Informationen über unsere Dienstleistungen, Preise und Angebote. Alle Inhalte sind unverbindlich und können jederzeit geändert oder aktualisiert werden. Online-Terminbuchungen sind möglich, jedoch erst [&hellip;]</p>

<!-- This site is optimized with the Yoast SEO plugin v26.4 - https://yoast.com/wordpress/plugins/seo/ -->
<title>Nutzungsbedingungen &#8211; Friseur Ela</title>
<meta name="robots" content="index, follow, max-snippet:-1, max-image-preview:large, max-video-preview:-1" />
<link rel="canonical" href="https://salon-ela.de/en/terms-of-use/" />
<meta property="og:locale" content="en_GB" />
<meta property="og:type" content="article" />
<meta property="og:title" content="Nutzungsbedingungen &#8211; Friseur Ela" />
<meta property="og:description" content="Nutzungsbedingungen Willkommen auf der Website unseres Friseursalons. Durch die Nutzung dieser Website erklären Sie sich mit den folgenden Nutzungsbedingungen einverstanden. Bitte lesen Sie diese sorgfältig durch. Diese Website dient der Bereitstellung von Informationen über unsere Dienstleistungen, Preise und Angebote. Alle Inhalte sind unverbindlich und können jederzeit geändert oder aktualisiert werden. Online-Terminbuchungen sind möglich, jedoch erst [&hellip;]" />
<meta property="og:url" content="https://salon-ela.de/en/terms-of-use/" />
<meta property="og:site_name" content="Friseur Ela" />
<meta property="article:publisher" content="https://www.facebook.com/profile.php?id=100066531817981" />
<meta property="article:modified_time" content="2025-03-23T10:40:30+00:00" />
<meta name="twitter:card" content="summary_large_image" />
<meta name="twitter:site" content="@friseursalonela" />
<meta name="twitter:label1" content="Estimated reading time" />
	<meta name="twitter:data1" content="1 minute" />
<script type="application/ld+json" class="yoast-schema-graph">{"@context":"https://schema.org","@graph":[{"@type":"WebPage","@id":"https://salon-ela.de/terms-of-use/","url":"https://salon-ela.de/terms-of-use/","name":"Nutzungsbedingungen &#8211; Friseur Ela","isPartOf":{"@id":"https://salon-ela.de/uk/#website"},"datePublished":"2025-03-21T23:04:44+00:00","dateModified":"2025-03-23T10:40:30+00:00","breadcrumb":{"@id":"https://salon-ela.de/terms-of-use/#breadcrumb"},"inLanguage":"en-GB","potentialAction":[{"@type":"ReadAction","target":["https://salon-ela.de/terms-of-use/"]}]},{"@type":"BreadcrumbList","@id":"https://salon-ela.de/terms-of-use/#breadcrumb","itemListElement":[{"@type":"ListItem","position":1,"name":"Home","item":"https://salon-ela.de/uk/"},{"@type":"ListItem","position":2,"name":"Nutzungsbedingungen"}]},{"@type":"WebSite","@id":"https://salon-ela.de/uk/#website","url":"https://salon-ela.de/uk/","name":"Friseursalon Ela","description":"Friseursalon Ela in Dortmund","publisher":{"@id":"https://salon-ela.de/uk/#organization"},"potentialAction":[{"@type":"SearchAction","target":{"@type":"EntryPoint","urlTemplate":"https://salon-ela.de/uk/?s={search_term_string}"},"query-input":{"@type":"PropertyValueSpecification","valueRequired":true,"valueName":"search_term_string"}}],"inLanguage":"en-GB"},{"@type":"Organization","@id":"https://salon-ela.de/uk/#organization","name":"Friseursalon Ela","url":"https://salon-ela.de/uk/","logo":{"@type":"ImageObject","inLanguage":"en-GB","@id":"https://salon-ela.de/uk/#/schema/logo/image/","url":"https://salon-ela.de/wp-content/uploads/2025/02/logoela.png","contentUrl":"https://salon-ela.de/wp-content/uploads/2025/02/logoela.png","width":60,"height":96,"caption":"Friseursalon Ela"},"image":{"@id":"https://salon-ela.de/uk/#/schema/logo/image/"},"sameAs":["https://www.facebook.com/profile.php?id=100066531817981","https://x.com/friseursalonela"]}]}</script>
<!-- / Yoast SEO plugin. -->

Nutzungsbedingungen Willkommen auf der Website unseres Friseursalons. Durch die Nutzung dieser Website erklären Sie sich mit den folgenden Nutzungsbedingungen einverstanden. Bitte lesen Sie diese sorgfältig durch. Diese Website dient der Bereitstellung von Informationen über unsere Dienstleistungen, Preise und Angebote. Alle Inhalte sind unverbindlich und können jederzeit geändert oder aktualisiert werden. Online-Terminbuchungen sind möglich, jedoch erst [&hellip;]
