{"id":3,"date":"2025-02-16T15:50:54","date_gmt":"2025-02-16T12:50:54","guid":{"rendered":"https:\/\/salon-ela.de\/\/?page_id=3"},"modified":"2025-03-25T11:00:25","modified_gmt":"2025-03-25T08:00:25","slug":"privacy-policy","status":"publish","type":"page","link":"https:\/\/salon-ela.de\/tr\/privacy-policy\/","title":{"rendered":"Gizlilik Politikas\u0131"},"content":{"rendered":"<p><strong>\u00f6ns\u00f6z<\/strong>.<br>Ki\u015fisel verilerinizin korunmas\u0131n\u0131 \u00e7ok ciddiye al\u0131yoruz. Bu gizlilik politikas\u0131 sizi hangi verileri toplad\u0131\u011f\u0131m\u0131z, bunlar\u0131 nas\u0131l kulland\u0131\u011f\u0131m\u0131z ve hangi haklara sahip oldu\u011funuz konusunda bilgilendirir.<\/p>\n\n\n\n<p><strong>Ki\u015fisel verilerin toplanmas\u0131 ve saklanmas\u0131 ile bunlar\u0131n kullan\u0131m t\u00fcr\u00fc ve amac\u0131<\/strong>.<br>Web sitesini ziyaret etti\u011finizde: Web sitemize eri\u015fti\u011finizde, cihaz\u0131n\u0131zda kullan\u0131lan taray\u0131c\u0131, web sitesi sunucumuza otomatik olarak bilgi g\u00f6nderir (\u00f6rn. IP adresi, eri\u015fim tarihi ve saati, taray\u0131c\u0131 t\u00fcr\u00fc ve s\u00fcr\u00fcm\u00fc, kullan\u0131lan i\u015fletim sistemi). Bu veriler sorunsuz ba\u011flant\u0131 kurulumu ve sistem g\u00fcvenli\u011finin sa\u011flanmas\u0131 i\u00e7in kullan\u0131l\u0131r.<br>Bei Kontaktaufnahme: Wenn Sie uns per E-Mail oder Kontaktformular kontaktieren, speichern wir Ihre Angaben zur Bearbeitung der Anfrage und f\u00fcr den Fall von Anschlussfragen.<br>Bei Terminbuchungen: Falls unsere Website eine Online-Terminbuchung anbietet, werden die daf\u00fcr notwendigen Daten (z. B. Name, Telefonnummer, E-Mail-Adresse) gespeichert und verarbeitet.<\/p>\n\n\n\n<p>Verilerin aktar\u0131m\u0131 Ki\u015fisel verileriniz, yaln\u0131zca kanunen izin verilmesi veya sizin onay vermeniz halinde \u00fc\u00e7\u00fcnc\u00fc \u015fah\u0131slara aktar\u0131lacakt\u0131r.<\/p>\n\n\n\n<p>Gizlilik politikas\u0131ndaki de\u011fi\u015fiklikler Bu gizlilik politikas\u0131n\u0131 de\u011fi\u015fen yasal gerekliliklere veya hizmetlerimizdeki de\u011fi\u015fikliklere uyarlama hakk\u0131n\u0131 sakl\u0131 tutuyoruz. G\u00fcncel veri koruma beyan\u0131na istedi\u011finiz zaman web sitemizden ula\u015fabilirsiniz.<\/p>\n\n\n\n<p>\u0130leti\u015fimVeri korumayla ilgili herhangi bir sorunuz varsa yukar\u0131daki ileti\u015fim bilgilerini kullanarak bize ula\u015fabilirsiniz.<\/p>","protected":false},"excerpt":{"rendered":"<p>Einleitung.Wir nehmen den Schutz Ihrer pers\u00f6nlichen Daten sehr ernst. Diese Datenschutzerkl\u00e4rung informiert Sie dar\u00fcber, welche Daten wir erheben, wie wir sie nutzen und welche Rechte Sie haben. Erhebung und Speicherung personenbezogener Daten sowie Art und Zweck von deren Verwendung.Beim Besuch der Website: Beim Aufrufen unserer Website werden durch den auf Ihrem Endger\u00e4t zum Einsatz kommenden [&hellip;]<\/p>","protected":false},"author":1,"featured_media":0,"parent":0,"menu_order":0,"comment_status":"closed","ping_status":"open","template":"templates\/privacy-policy.php","meta":{"footnotes":""},"class_list":["post-3","page","type-page","status-publish","hentry"],"acf":[],"yoast_head":"<!-- This site is optimized with the Yoast SEO plugin v26.4 - https:\/\/yoast.com\/wordpress\/plugins\/seo\/ -->\n<title>Datenschutzrichtlinie &#8211; Friseur Ela<\/title>\n<meta name=\"robots\" content=\"index, follow, max-snippet:-1, max-image-preview:large, max-video-preview:-1\" \/>\n<link rel=\"canonical\" href=\"https:\/\/salon-ela.de\/tr\/privacy-policy\/\" \/>\n<meta property=\"og:locale\" content=\"tr_TR\" \/>\n<meta property=\"og:type\" content=\"article\" \/>\n<meta property=\"og:title\" content=\"Datenschutzrichtlinie &#8211; Friseur Ela\" \/>\n<meta property=\"og:description\" content=\"Einleitung.Wir nehmen den Schutz Ihrer pers\u00f6nlichen Daten sehr ernst. Diese Datenschutzerkl\u00e4rung informiert Sie dar\u00fcber, welche Daten wir erheben, wie wir sie nutzen und welche Rechte Sie haben. Erhebung und Speicherung personenbezogener Daten sowie Art und Zweck von deren Verwendung.Beim Besuch der Website: Beim Aufrufen unserer Website werden durch den auf Ihrem Endger\u00e4t zum Einsatz kommenden [&hellip;]\" \/>\n<meta property=\"og:url\" content=\"https:\/\/salon-ela.de\/tr\/privacy-policy\/\" \/>\n<meta property=\"og:site_name\" content=\"Friseur Ela\" \/>\n<meta property=\"article:publisher\" content=\"https:\/\/www.facebook.com\/profile.php?id=100066531817981\" \/>\n<meta property=\"article:modified_time\" content=\"2025-03-25T08:00:25+00:00\" \/>\n<meta name=\"twitter:card\" content=\"summary_large_image\" \/>\n<meta name=\"twitter:site\" content=\"@friseursalonela\" \/>\n<meta name=\"twitter:label1\" content=\"Tahmini okuma s\u00fcresi\" \/>\n\t<meta name=\"twitter:data1\" content=\"1 dakika\" \/>\n<script type=\"application\/ld+json\" class=\"yoast-schema-graph\">{\"@context\":\"https:\/\/schema.org\",\"@graph\":[{\"@type\":\"WebPage\",\"@id\":\"https:\/\/salon-ela.de\/privacy-policy\/\",\"url\":\"https:\/\/salon-ela.de\/privacy-policy\/\",\"name\":\"Datenschutzrichtlinie &#8211; Friseur Ela\",\"isPartOf\":{\"@id\":\"https:\/\/salon-ela.de\/uk\/#website\"},\"datePublished\":\"2025-02-16T12:50:54+00:00\",\"dateModified\":\"2025-03-25T08:00:25+00:00\",\"breadcrumb\":{\"@id\":\"https:\/\/salon-ela.de\/privacy-policy\/#breadcrumb\"},\"inLanguage\":\"tr\",\"potentialAction\":[{\"@type\":\"ReadAction\",\"target\":[\"https:\/\/salon-ela.de\/privacy-policy\/\"]}]},{\"@type\":\"BreadcrumbList\",\"@id\":\"https:\/\/salon-ela.de\/privacy-policy\/#breadcrumb\",\"itemListElement\":[{\"@type\":\"ListItem\",\"position\":1,\"name\":\"Home\",\"item\":\"https:\/\/salon-ela.de\/uk\/\"},{\"@type\":\"ListItem\",\"position\":2,\"name\":\"Datenschutzrichtlinie\"}]},{\"@type\":\"WebSite\",\"@id\":\"https:\/\/salon-ela.de\/uk\/#website\",\"url\":\"https:\/\/salon-ela.de\/uk\/\",\"name\":\"Friseursalon Ela\",\"description\":\"Friseursalon Ela in Dortmund\",\"publisher\":{\"@id\":\"https:\/\/salon-ela.de\/uk\/#organization\"},\"potentialAction\":[{\"@type\":\"SearchAction\",\"target\":{\"@type\":\"EntryPoint\",\"urlTemplate\":\"https:\/\/salon-ela.de\/uk\/?s={search_term_string}\"},\"query-input\":{\"@type\":\"PropertyValueSpecification\",\"valueRequired\":true,\"valueName\":\"search_term_string\"}}],\"inLanguage\":\"tr\"},{\"@type\":\"Organization\",\"@id\":\"https:\/\/salon-ela.de\/uk\/#organization\",\"name\":\"Friseursalon Ela\",\"url\":\"https:\/\/salon-ela.de\/uk\/\",\"logo\":{\"@type\":\"ImageObject\",\"inLanguage\":\"tr\",\"@id\":\"https:\/\/salon-ela.de\/uk\/#\/schema\/logo\/image\/\",\"url\":\"https:\/\/salon-ela.de\/wp-content\/uploads\/2025\/02\/logoela.png\",\"contentUrl\":\"https:\/\/salon-ela.de\/wp-content\/uploads\/2025\/02\/logoela.png\",\"width\":60,\"height\":96,\"caption\":\"Friseursalon Ela\"},\"image\":{\"@id\":\"https:\/\/salon-ela.de\/uk\/#\/schema\/logo\/image\/\"},\"sameAs\":[\"https:\/\/www.facebook.com\/profile.php?id=100066531817981\",\"https:\/\/x.com\/friseursalonela\"]}]}<\/script>\n<!-- \/ Yoast SEO plugin. -->","yoast_head_json":{"title":"Datenschutzrichtlinie &#8211; Friseur Ela","robots":{"index":"index","follow":"follow","max-snippet":"max-snippet:-1","max-image-preview":"max-image-preview:large","max-video-preview":"max-video-preview:-1"},"canonical":"https:\/\/salon-ela.de\/tr\/privacy-policy\/","og_locale":"tr_TR","og_type":"article","og_title":"Datenschutzrichtlinie &#8211; Friseur Ela","og_description":"Einleitung.Wir nehmen den Schutz Ihrer pers\u00f6nlichen Daten sehr ernst. Diese Datenschutzerkl\u00e4rung informiert Sie dar\u00fcber, welche Daten wir erheben, wie wir sie nutzen und welche Rechte Sie haben. Erhebung und Speicherung personenbezogener Daten sowie Art und Zweck von deren Verwendung.Beim Besuch der Website: Beim Aufrufen unserer Website werden durch den auf Ihrem Endger\u00e4t zum Einsatz kommenden [&hellip;]","og_url":"https:\/\/salon-ela.de\/tr\/privacy-policy\/","og_site_name":"Friseur Ela","article_publisher":"https:\/\/www.facebook.com\/profile.php?id=100066531817981","article_modified_time":"2025-03-25T08:00:25+00:00","twitter_card":"summary_large_image","twitter_site":"@friseursalonela","twitter_misc":{"Tahmini okuma s\u00fcresi":"1 dakika"},"schema":{"@context":"https:\/\/schema.org","@graph":[{"@type":"WebPage","@id":"https:\/\/salon-ela.de\/privacy-policy\/","url":"https:\/\/salon-ela.de\/privacy-policy\/","name":"Datenschutzrichtlinie &#8211; Friseur Ela","isPartOf":{"@id":"https:\/\/salon-ela.de\/uk\/#website"},"datePublished":"2025-02-16T12:50:54+00:00","dateModified":"2025-03-25T08:00:25+00:00","breadcrumb":{"@id":"https:\/\/salon-ela.de\/privacy-policy\/#breadcrumb"},"inLanguage":"tr","potentialAction":[{"@type":"ReadAction","target":["https:\/\/salon-ela.de\/privacy-policy\/"]}]},{"@type":"BreadcrumbList","@id":"https:\/\/salon-ela.de\/privacy-policy\/#breadcrumb","itemListElement":[{"@type":"ListItem","position":1,"name":"Home","item":"https:\/\/salon-ela.de\/uk\/"},{"@type":"ListItem","position":2,"name":"Datenschutzrichtlinie"}]},{"@type":"WebSite","@id":"https:\/\/salon-ela.de\/uk\/#website","url":"https:\/\/salon-ela.de\/uk\/","name":"Friseursalon Ela","description":"Friseursalon Ela in Dortmund","publisher":{"@id":"https:\/\/salon-ela.de\/uk\/#organization"},"potentialAction":[{"@type":"SearchAction","target":{"@type":"EntryPoint","urlTemplate":"https:\/\/salon-ela.de\/uk\/?s={search_term_string}"},"query-input":{"@type":"PropertyValueSpecification","valueRequired":true,"valueName":"search_term_string"}}],"inLanguage":"tr"},{"@type":"Organization","@id":"https:\/\/salon-ela.de\/uk\/#organization","name":"Friseursalon Ela","url":"https:\/\/salon-ela.de\/uk\/","logo":{"@type":"ImageObject","inLanguage":"tr","@id":"https:\/\/salon-ela.de\/uk\/#\/schema\/logo\/image\/","url":"https:\/\/salon-ela.de\/wp-content\/uploads\/2025\/02\/logoela.png","contentUrl":"https:\/\/salon-ela.de\/wp-content\/uploads\/2025\/02\/logoela.png","width":60,"height":96,"caption":"Friseursalon Ela"},"image":{"@id":"https:\/\/salon-ela.de\/uk\/#\/schema\/logo\/image\/"},"sameAs":["https:\/\/www.facebook.com\/profile.php?id=100066531817981","https:\/\/x.com\/friseursalonela"]}]}},"_links":{"self":[{"href":"https:\/\/salon-ela.de\/tr\/wp-json\/wp\/v2\/pages\/3","targetHints":{"allow":["GET"]}}],"collection":[{"href":"https:\/\/salon-ela.de\/tr\/wp-json\/wp\/v2\/pages"}],"about":[{"href":"https:\/\/salon-ela.de\/tr\/wp-json\/wp\/v2\/types\/page"}],"author":[{"embeddable":true,"href":"https:\/\/salon-ela.de\/tr\/wp-json\/wp\/v2\/users\/1"}],"replies":[{"embeddable":true,"href":"https:\/\/salon-ela.de\/tr\/wp-json\/wp\/v2\/comments?post=3"}],"version-history":[{"count":0,"href":"https:\/\/salon-ela.de\/tr\/wp-json\/wp\/v2\/pages\/3\/revisions"}],"wp:attachment":[{"href":"https:\/\/salon-ela.de\/tr\/wp-json\/wp\/v2\/media?parent=3"}],"curies":[{"name":"wp","href":"https:\/\/api.w.org\/{rel}","templated":true}]}}

Gizlilik Politikası

<p><strong>önsöz</strong>.<br>Kişisel verilerinizin korunmasını çok ciddiye alıyoruz. Bu gizlilik politikası sizi hangi verileri topladığımız, bunları nasıl kullandığımız ve hangi haklara sahip olduğunuz konusunda bilgilendirir.</p>



<p><strong>Kişisel verilerin toplanması ve saklanması ile bunların kullanım türü ve amacı</strong>.<br>Web sitesini ziyaret ettiğinizde: Web sitemize eriştiğinizde, cihazınızda kullanılan tarayıcı, web sitesi sunucumuza otomatik olarak bilgi gönderir (örn. IP adresi, erişim tarihi ve saati, tarayıcı türü ve sürümü, kullanılan işletim sistemi). Bu veriler sorunsuz bağlantı kurulumu ve sistem güvenliğinin sağlanması için kullanılır.<br>Bei Kontaktaufnahme: Wenn Sie uns per E-Mail oder Kontaktformular kontaktieren, speichern wir Ihre Angaben zur Bearbeitung der Anfrage und für den Fall von Anschlussfragen.<br>Bei Terminbuchungen: Falls unsere Website eine Online-Terminbuchung anbietet, werden die dafür notwendigen Daten (z. B. Name, Telefonnummer, E-Mail-Adresse) gespeichert und verarbeitet.</p>



<p>Verilerin aktarımı Kişisel verileriniz, yalnızca kanunen izin verilmesi veya sizin onay vermeniz halinde üçüncü şahıslara aktarılacaktır.</p>



<p>Gizlilik politikasındaki değişiklikler Bu gizlilik politikasını değişen yasal gerekliliklere veya hizmetlerimizdeki değişikliklere uyarlama hakkını saklı tutuyoruz. Güncel veri koruma beyanına istediğiniz zaman web sitemizden ulaşabilirsiniz.</p>



<p>İletişimVeri korumayla ilgili herhangi bir sorunuz varsa yukarıdaki iletişim bilgilerini kullanarak bize ulaşabilirsiniz.</p>

<p>Einleitung.Wir nehmen den Schutz Ihrer persönlichen Daten sehr ernst. Diese Datenschutzerklärung informiert Sie darüber, welche Daten wir erheben, wie wir sie nutzen und welche Rechte Sie haben. Erhebung und Speicherung personenbezogener Daten sowie Art und Zweck von deren Verwendung.Beim Besuch der Website: Beim Aufrufen unserer Website werden durch den auf Ihrem Endgerät zum Einsatz kommenden [&hellip;]</p>

<!-- This site is optimized with the Yoast SEO plugin v26.4 - https://yoast.com/wordpress/plugins/seo/ -->
<title>Datenschutzrichtlinie &#8211; Friseur Ela</title>
<meta name="robots" content="index, follow, max-snippet:-1, max-image-preview:large, max-video-preview:-1" />
<link rel="canonical" href="https://salon-ela.de/tr/privacy-policy/" />
<meta property="og:locale" content="tr_TR" />
<meta property="og:type" content="article" />
<meta property="og:title" content="Datenschutzrichtlinie &#8211; Friseur Ela" />
<meta property="og:description" content="Einleitung.Wir nehmen den Schutz Ihrer persönlichen Daten sehr ernst. Diese Datenschutzerklärung informiert Sie darüber, welche Daten wir erheben, wie wir sie nutzen und welche Rechte Sie haben. Erhebung und Speicherung personenbezogener Daten sowie Art und Zweck von deren Verwendung.Beim Besuch der Website: Beim Aufrufen unserer Website werden durch den auf Ihrem Endgerät zum Einsatz kommenden [&hellip;]" />
<meta property="og:url" content="https://salon-ela.de/tr/privacy-policy/" />
<meta property="og:site_name" content="Friseur Ela" />
<meta property="article:publisher" content="https://www.facebook.com/profile.php?id=100066531817981" />
<meta property="article:modified_time" content="2025-03-25T08:00:25+00:00" />
<meta name="twitter:card" content="summary_large_image" />
<meta name="twitter:site" content="@friseursalonela" />
<meta name="twitter:label1" content="Tahmini okuma süresi" />
	<meta name="twitter:data1" content="1 dakika" />
<script type="application/ld+json" class="yoast-schema-graph">{"@context":"https://schema.org","@graph":[{"@type":"WebPage","@id":"https://salon-ela.de/privacy-policy/","url":"https://salon-ela.de/privacy-policy/","name":"Datenschutzrichtlinie &#8211; Friseur Ela","isPartOf":{"@id":"https://salon-ela.de/uk/#website"},"datePublished":"2025-02-16T12:50:54+00:00","dateModified":"2025-03-25T08:00:25+00:00","breadcrumb":{"@id":"https://salon-ela.de/privacy-policy/#breadcrumb"},"inLanguage":"tr","potentialAction":[{"@type":"ReadAction","target":["https://salon-ela.de/privacy-policy/"]}]},{"@type":"BreadcrumbList","@id":"https://salon-ela.de/privacy-policy/#breadcrumb","itemListElement":[{"@type":"ListItem","position":1,"name":"Home","item":"https://salon-ela.de/uk/"},{"@type":"ListItem","position":2,"name":"Datenschutzrichtlinie"}]},{"@type":"WebSite","@id":"https://salon-ela.de/uk/#website","url":"https://salon-ela.de/uk/","name":"Friseursalon Ela","description":"Friseursalon Ela in Dortmund","publisher":{"@id":"https://salon-ela.de/uk/#organization"},"potentialAction":[{"@type":"SearchAction","target":{"@type":"EntryPoint","urlTemplate":"https://salon-ela.de/uk/?s={search_term_string}"},"query-input":{"@type":"PropertyValueSpecification","valueRequired":true,"valueName":"search_term_string"}}],"inLanguage":"tr"},{"@type":"Organization","@id":"https://salon-ela.de/uk/#organization","name":"Friseursalon Ela","url":"https://salon-ela.de/uk/","logo":{"@type":"ImageObject","inLanguage":"tr","@id":"https://salon-ela.de/uk/#/schema/logo/image/","url":"https://salon-ela.de/wp-content/uploads/2025/02/logoela.png","contentUrl":"https://salon-ela.de/wp-content/uploads/2025/02/logoela.png","width":60,"height":96,"caption":"Friseursalon Ela"},"image":{"@id":"https://salon-ela.de/uk/#/schema/logo/image/"},"sameAs":["https://www.facebook.com/profile.php?id=100066531817981","https://x.com/friseursalonela"]}]}</script>
<!-- / Yoast SEO plugin. -->

Einleitung.Wir nehmen den Schutz Ihrer persönlichen Daten sehr ernst. Diese Datenschutzerklärung informiert Sie darüber, welche Daten wir erheben, wie wir sie nutzen und welche Rechte Sie haben. Erhebung und Speicherung personenbezogener Daten sowie Art und Zweck von deren Verwendung.Beim Besuch der Website: Beim Aufrufen unserer Website werden durch den auf Ihrem Endgerät zum Einsatz kommenden [&hellip;]
